{"id":40090,"date":"2024-10-31T09:55:17","date_gmt":"2024-10-31T08:55:17","guid":{"rendered":"https:\/\/www.westcam-group.com\/unternehmen\/karriere\/3d-metrologicky-aplikacni-inzenyr-m-z-d\/"},"modified":"2025-10-24T08:36:49","modified_gmt":"2025-10-24T06:36:49","slug":"3d-metrologicky-aplikacni-inzenyr-m-z-d","status":"publish","type":"job","link":"https:\/\/www.westcam-group.com\/cs\/unternehmen\/karriere\/3d-metrologicky-aplikacni-inzenyr-m-z-d\/","title":{"rendered":"3D-metrologick\u00fd aplika\u010dn\u00ed in\u017een\u00fdr [m\/\u017e\/d]"},"content":{"rendered":"\n<div class=\"wp-block-group has-global-padding is-layout-constrained wp-block-group-is-layout-constrained\" style=\"margin-top:var(--wp--preset--spacing--40);margin-bottom:var(--wp--preset--spacing--40)\">\n<div class=\"wp-block-webx-blocks-grid is-layout-grid wp-container-webx-blocks-grid-is-layout-478b6e6b wp-block-webx-blocks-grid-is-layout-grid\" style=\"--grid-columns-desktop:2;--grid-columns-tablet:2;--grid-columns-mobile:1\">\n<div class=\"wp-block-webx-blocks-grid-item has-base-2-background-color has-background is-layout-flow wp-block-webx-blocks-grid-item-is-layout-flow\" style=\"padding-top:0;padding-right:0;padding-bottom:0;padding-left:0;--grid-area-desktop:auto \/ auto \/ auto \/ auto;--grid-area-tablet:auto \/ auto \/ auto \/ auto;--grid-area-mobile:auto \/ auto \/ auto \/ auto\">\n<div class=\"wp-block-group has-base-background-color has-background is-layout-flow wp-block-group-is-layout-flow\">\n<h2 class=\"wp-block-heading\" style=\"padding-bottom:var(--wp--preset--spacing--20)\">Va\u0161e \u00daKOLY<\/h2>\n<\/div>\n\n\n\n<div class=\"wp-block-group has-base-2-background-color has-background is-layout-flow wp-block-group-is-layout-flow\" style=\"margin-top:0;margin-bottom:0;padding-top:var(--wp--preset--spacing--20);padding-right:var(--wp--preset--spacing--20);padding-bottom:var(--wp--preset--spacing--20);padding-left:var(--wp--preset--spacing--20)\">\n<ul class=\"wp-block-list is-style-checkmark-list\">\n<li>Podpora a realizace projekt\u016f z\u00e1kazn\u00edk\u016f v oblasti 3D metrologie (manu\u00e1ln\u00ed nebo roboticky asistovan\u00e9 3D metrologick\u00e9 aplikace, instalace 3D skenovac\u00edch syst\u00e9m\u016f ATOS) z na\u0161eho s\u00eddla ve \u0160v\u00fdcarsku.<\/li>\n\n\n\n<li>Organizace prezentac\u00ed a \u0161kolen\u00ed (technick\u00e1 podpora prodeje a p\u00e9\u010de o z\u00e1kazn\u00edky)<\/li>\n\n\n\n<li>Zpracov\u00e1n\u00ed objedn\u00e1vek z\u00e1kazn\u00edk\u016f se zam\u011b\u0159en\u00edm na konstruk\u010dn\u00ed \u010dinnosti, zp\u011btn\u00e9 in\u017een\u00fdrstv\u00ed a reverzn\u00ed in\u017een\u00fdrstv\u00ed.<\/li>\n\n\n\n<li>Technick\u00e1 podpora a asistence<br\/>pro na\u0161e z\u00e1kazn\u00edky v oblasti automatizace<br\/>v oblasti 3D metrologie a in\u017een\u00fdrstv\u00ed.<\/li>\n<\/ul>\n<\/div>\n<\/div>\n\n\n\n<div class=\"wp-block-webx-blocks-grid-item has-base-2-background-color has-background is-layout-flow wp-block-webx-blocks-grid-item-is-layout-flow\" style=\"padding-top:0;padding-right:0;padding-bottom:0;padding-left:0;--grid-area-desktop:auto \/ auto \/ auto \/ auto;--grid-area-tablet:auto \/ auto \/ auto \/ auto;--grid-area-mobile:auto \/ auto \/ auto \/ auto\">\n<div class=\"wp-block-group has-base-background-color has-background is-layout-flow wp-block-group-is-layout-flow\">\n<h2 class=\"wp-block-heading\" style=\"margin-bottom:0;padding-bottom:var(--wp--preset--spacing--20)\">V\u00e1\u0161 profil<\/h2>\n<\/div>\n\n\n\n<div class=\"wp-block-group has-base-2-background-color has-background is-layout-flow wp-block-group-is-layout-flow\" style=\"margin-top:0;margin-bottom:0;padding-top:var(--wp--preset--spacing--20);padding-right:var(--wp--preset--spacing--20);padding-bottom:var(--wp--preset--spacing--20);padding-left:var(--wp--preset--spacing--20)\">\n<ul class=\"wp-block-list is-style-checkmark-list\">\n<li>M\u00e1te ukon\u010den\u00e9 technick\u00e9 vzd\u011bl\u00e1n\u00ed:<br\/>vyu\u010den\u00ed, VF nebo bakal\u00e1\u0159sk\u00fd titul.<\/li>\n\n\n\n<li>Velmi dobr\u00e9 obecn\u00e9 znalosti IT:<br\/>Windows, MS Office; nastaven\u00ed a konfigurace hardwaru atd.<\/li>\n\n\n\n<li>Osobn\u011b se vyzna\u010dujete pe\u010dliv\u00fdm stylem pr\u00e1ce, t\u00fdmov\u00fdm duchem a otev\u0159en\u00fdm p\u0159\u00edstupem k z\u00e1kazn\u00edk\u016fm.<\/li>\n<\/ul>\n<\/div>\n<\/div>\n<\/div>\n<\/div>\n\n<div class=\"wp-block-group has-global-padding is-layout-constrained wp-block-group-is-layout-constrained\" style=\"margin-top:var(--wp--preset--spacing--40);margin-bottom:var(--wp--preset--spacing--40)\">\n<h2 class=\"wp-block-heading\">Na\u0161e nab\u00eddka<\/h2>\n\n\n\n<div class=\"wp-block-group has-base-2-background-color has-background is-layout-flow wp-block-group-is-layout-flow\" style=\"padding-top:var(--wp--preset--spacing--20);padding-right:var(--wp--preset--spacing--20);padding-bottom:var(--wp--preset--spacing--20);padding-left:var(--wp--preset--spacing--20)\">\n<ul class=\"wp-block-list is-style-checkmark-list\">\n<li>Pestr\u00e1 a zaj\u00edmav\u00e1 pr\u00e1ce<\/li>\n\n\n\n<li>Pru\u017en\u00e1 organizace pracovn\u00ed doby<\/li>\n\n\n\n<li>St\u00e1l\u00e1 pozice na pln\u00fd \u00favazek<\/li>\n\n\n\n<li>lukrativn\u00ed odm\u011bna z\u00e1visl\u00e1 na v\u00fdkonu<\/li>\n\n\n\n<li>komplexn\u00ed a intenzivn\u00ed \u00favodn\u00ed \u0161kolen\u00ed, kter\u00e9 v\u00e1s p\u0159iprav\u00ed na zaj\u00edmavou a rozmanitou pr\u00e1ci.<\/li>\n\n\n\n<li>Nejlep\u0161\u00ed pracovn\u00ed atmosf\u00e9ra v motivovan\u00e9m t\u00fdmu se zn\u00e1m\u00fdm charakterem<\/li>\n\n\n\n<li>Nejmodern\u011bj\u0161\u00ed infrastruktura a mo\u017enost neust\u00e1l\u00e9ho vzd\u011bl\u00e1v\u00e1n\u00ed a rozvoje na vysok\u00e9 \u00farovni.<\/li>\n\n\n\n<li>Kontinuita a bezpe\u010dnost skupiny spole\u010dnost\u00ed, kter\u00e1 se \u00fasp\u011b\u0161n\u011b rozv\u00edj\u00ed od roku 1990.<\/li>\n<\/ul>\n<\/div>\n<\/div>\n\n<div class=\"wp-block-group has-base-2-background-color has-background has-global-padding is-content-justification-center is-layout-constrained wp-container-core-group-is-layout-606d210a wp-block-group-is-layout-constrained\" style=\"padding-top:var(--wp--preset--spacing--30);padding-bottom:var(--wp--preset--spacing--30)\">\n<figure class=\"wp-block-embed is-type-video is-provider-youtube wp-block-embed-youtube wp-embed-aspect-16-9 wp-has-aspect-ratio\" style=\"margin-top:var(--wp--preset--spacing--20);margin-bottom:var(--wp--preset--spacing--20)\"><div class=\"wp-block-embed__wrapper\">\n<div class=\"cookieconsent-optout-marketing\">\n    Bitte  <a href=\"javascript:Cookiebot.renew()\">Marketing-Cookies akzeptieren<\/a>, um dieses Video zu laden.\n    <\/div>\n            <iframe data-cookieblock-src=\"https:\/\/www.youtube.com\/embed\/z3sCVsbC3-k?feature=oembed\" data-cookieconsent=\"marketing\" title=\"ZEISS ATOS ScanBox Serie 6 | REFERENZ: Coko (Kunststoff-Spritzguss)\" width=\"500\" height=\"281\"  frameborder=\"0\" allow=\"accelerometer; autoplay; clipboard-write; encrypted-media; gyroscope; picture-in-picture; web-share\" referrerpolicy=\"strict-origin-when-cross-origin\" allowfullscreen><\/iframe>\n<\/div><\/figure>\n<\/div>\n\n<div class=\"wp-block-file\"><a id=\"wp-block-file--media-2f01e94d-d555-4b29-ab2d-36a22d61959f\" href=\"https:\/\/www.westcam-group.com\/wp-content\/uploads\/2024\/10\/WESTCAM-3D-Metrology-Anwendungstechniker-mwd-CH.pdf\">WESTCAM 3D-Metrology Application Engineer -mwd- CH<\/a><a href=\"https:\/\/www.westcam-group.com\/wp-content\/uploads\/2024\/10\/WESTCAM-3D-Metrology-Anwendungstechniker-mwd-CH.pdf\" class=\"wp-block-file__button wp-element-button\" download=\"\" aria-describedby=\"wp-block-file--media-2f01e94d-d555-4b29-ab2d-36a22d61959f\">St\u00e1hnout<\/a><\/div>\n\n<h5 class=\"wp-block-heading\">MO\u017dN\u00c1 SE BRZY STANOU VA\u0160IMI NOV\u00ddMI KOLEGY V OBLASTI METROLOGIE:<\/h5>\n\n<figure class=\"wp-block-image size-large is-resized\"><img loading=\"lazy\" decoding=\"async\" width=\"1024\" height=\"683\" src=\"https:\/\/www.westcam-group.com\/wp-content\/uploads\/2024\/04\/westcam-metrology-care-2-1024x683.jpg\" alt=\"\" class=\"wp-image-27222\" style=\"width:350px\" srcset=\"https:\/\/www.westcam-group.com\/wp-content\/uploads\/2024\/04\/westcam-metrology-care-2-1024x683.jpg 1024w, https:\/\/www.westcam-group.com\/wp-content\/uploads\/2024\/04\/westcam-metrology-care-2-300x200.jpg 300w, https:\/\/www.westcam-group.com\/wp-content\/uploads\/2024\/04\/westcam-metrology-care-2-768x512.jpg 768w, https:\/\/www.westcam-group.com\/wp-content\/uploads\/2024\/04\/westcam-metrology-care-2-1536x1024.jpg 1536w, https:\/\/www.westcam-group.com\/wp-content\/uploads\/2024\/04\/westcam-metrology-care-2-1350x900.jpg 1350w, https:\/\/www.westcam-group.com\/wp-content\/uploads\/2024\/04\/westcam-metrology-care-2-900x600.jpg 900w, https:\/\/www.westcam-group.com\/wp-content\/uploads\/2024\/04\/westcam-metrology-care-2.jpg 1890w\" sizes=\"auto, (max-width: 1024px) 100vw, 1024px\" \/><\/figure>\n\n<p class=\"has-small-font-size\"><em>Michaela &amp; Boris &amp; Stephanie<\/em><\/p>\n\n<p><\/p>\n","protected":false},"excerpt":{"rendered":"<p>Zaji\u0161\u0165ujete, aby &#8222;tov\u00e1rna b\u011b\u017eela&#8220;: hardware m\u011b\u0159ic\u00ed techniky v\u010detn\u011b softwaru. Zaj\u00edmav\u00e9 \u00fakoly a pohodov\u00fd t\u00fdm v cen\u011b. <\/p>\n","protected":false},"featured_media":27250,"template":"","location":[2690],"employment_type":[25],"competence":[2736],"class_list":["post-40090","job","type-job","status-publish","has-post-thumbnail","hentry","location-baden-daettwil-cs","employment_type-full-time","competence-3d-messtechnik-cs"],"_links":{"self":[{"href":"https:\/\/www.westcam-group.com\/cs\/wp-json\/wp\/v2\/job\/40090","targetHints":{"allow":["GET"]}}],"collection":[{"href":"https:\/\/www.westcam-group.com\/cs\/wp-json\/wp\/v2\/job"}],"about":[{"href":"https:\/\/www.westcam-group.com\/cs\/wp-json\/wp\/v2\/types\/job"}],"wp:featuredmedia":[{"embeddable":true,"href":"https:\/\/www.westcam-group.com\/cs\/wp-json\/wp\/v2\/media\/27250"}],"wp:attachment":[{"href":"https:\/\/www.westcam-group.com\/cs\/wp-json\/wp\/v2\/media?parent=40090"}],"wp:term":[{"taxonomy":"location","embeddable":true,"href":"https:\/\/www.westcam-group.com\/cs\/wp-json\/wp\/v2\/location?post=40090"},{"taxonomy":"employment_type","embeddable":true,"href":"https:\/\/www.westcam-group.com\/cs\/wp-json\/wp\/v2\/employment_type?post=40090"},{"taxonomy":"competence","embeddable":true,"href":"https:\/\/www.westcam-group.com\/cs\/wp-json\/wp\/v2\/competence?post=40090"}],"curies":[{"name":"wp","href":"https:\/\/api.w.org\/{rel}","templated":true}]}}

3D-metrologický aplikační inženýr [m/ž/d]

<div class="wp-block-group has-global-padding is-layout-constrained wp-block-group-is-layout-constrained" style="margin-top:var(--wp--preset--spacing--40);margin-bottom:var(--wp--preset--spacing--40)">
<div class="wp-block-webx-blocks-grid is-layout-grid wp-container-webx-blocks-grid-is-layout-478b6e6b wp-block-webx-blocks-grid-is-layout-grid" style="--grid-columns-desktop:2;--grid-columns-tablet:2;--grid-columns-mobile:1">
<div class="wp-block-webx-blocks-grid-item has-base-2-background-color has-background is-layout-flow wp-block-webx-blocks-grid-item-is-layout-flow" style="padding-top:0;padding-right:0;padding-bottom:0;padding-left:0;--grid-area-desktop:auto / auto / auto / auto;--grid-area-tablet:auto / auto / auto / auto;--grid-area-mobile:auto / auto / auto / auto">
<div class="wp-block-group has-base-background-color has-background is-layout-flow wp-block-group-is-layout-flow">
<h2 class="wp-block-heading" style="padding-bottom:var(--wp--preset--spacing--20)">Vaše ÚKOLY</h2>
</div>



<div class="wp-block-group has-base-2-background-color has-background is-layout-flow wp-block-group-is-layout-flow" style="margin-top:0;margin-bottom:0;padding-top:var(--wp--preset--spacing--20);padding-right:var(--wp--preset--spacing--20);padding-bottom:var(--wp--preset--spacing--20);padding-left:var(--wp--preset--spacing--20)">
<ul class="wp-block-list is-style-checkmark-list">
<li>Podpora a realizace projektů zákazníků v oblasti 3D metrologie (manuální nebo roboticky asistované 3D metrologické aplikace, instalace 3D skenovacích systémů ATOS) z našeho sídla ve Švýcarsku.</li>



<li>Organizace prezentací a školení (technická podpora prodeje a péče o zákazníky)</li>



<li>Zpracování objednávek zákazníků se zaměřením na konstrukční činnosti, zpětné inženýrství a reverzní inženýrství.</li>



<li>Technická podpora a asistence<br/>pro naše zákazníky v oblasti automatizace<br/>v oblasti 3D metrologie a inženýrství.</li>
</ul>
</div>
</div>



<div class="wp-block-webx-blocks-grid-item has-base-2-background-color has-background is-layout-flow wp-block-webx-blocks-grid-item-is-layout-flow" style="padding-top:0;padding-right:0;padding-bottom:0;padding-left:0;--grid-area-desktop:auto / auto / auto / auto;--grid-area-tablet:auto / auto / auto / auto;--grid-area-mobile:auto / auto / auto / auto">
<div class="wp-block-group has-base-background-color has-background is-layout-flow wp-block-group-is-layout-flow">
<h2 class="wp-block-heading" style="margin-bottom:0;padding-bottom:var(--wp--preset--spacing--20)">Váš profil</h2>
</div>



<div class="wp-block-group has-base-2-background-color has-background is-layout-flow wp-block-group-is-layout-flow" style="margin-top:0;margin-bottom:0;padding-top:var(--wp--preset--spacing--20);padding-right:var(--wp--preset--spacing--20);padding-bottom:var(--wp--preset--spacing--20);padding-left:var(--wp--preset--spacing--20)">
<ul class="wp-block-list is-style-checkmark-list">
<li>Máte ukončené technické vzdělání:<br/>vyučení, VF nebo bakalářský titul.</li>



<li>Velmi dobré obecné znalosti IT:<br/>Windows, MS Office; nastavení a konfigurace hardwaru atd.</li>



<li>Osobně se vyznačujete pečlivým stylem práce, týmovým duchem a otevřeným přístupem k zákazníkům.</li>
</ul>
</div>
</div>
</div>
</div>

<div class="wp-block-group has-global-padding is-layout-constrained wp-block-group-is-layout-constrained" style="margin-top:var(--wp--preset--spacing--40);margin-bottom:var(--wp--preset--spacing--40)">
<h2 class="wp-block-heading">Naše nabídka</h2>



<div class="wp-block-group has-base-2-background-color has-background is-layout-flow wp-block-group-is-layout-flow" style="padding-top:var(--wp--preset--spacing--20);padding-right:var(--wp--preset--spacing--20);padding-bottom:var(--wp--preset--spacing--20);padding-left:var(--wp--preset--spacing--20)">
<ul class="wp-block-list is-style-checkmark-list">
<li>Pestrá a zajímavá práce</li>



<li>Pružná organizace pracovní doby</li>



<li>Stálá pozice na plný úvazek</li>



<li>lukrativní odměna závislá na výkonu</li>



<li>komplexní a intenzivní úvodní školení, které vás připraví na zajímavou a rozmanitou práci.</li>



<li>Nejlepší pracovní atmosféra v motivovaném týmu se známým charakterem</li>



<li>Nejmodernější infrastruktura a možnost neustálého vzdělávání a rozvoje na vysoké úrovni.</li>



<li>Kontinuita a bezpečnost skupiny společností, která se úspěšně rozvíjí od roku 1990.</li>
</ul>
</div>
</div>

<div class="wp-block-group has-base-2-background-color has-background has-global-padding is-content-justification-center is-layout-constrained wp-container-core-group-is-layout-606d210a wp-block-group-is-layout-constrained" style="padding-top:var(--wp--preset--spacing--30);padding-bottom:var(--wp--preset--spacing--30)">
<figure class="wp-block-embed is-type-video is-provider-youtube wp-block-embed-youtube wp-embed-aspect-16-9 wp-has-aspect-ratio" style="margin-top:var(--wp--preset--spacing--20);margin-bottom:var(--wp--preset--spacing--20)"><div class="wp-block-embed__wrapper">
<div class="cookieconsent-optout-marketing">
    Bitte  <a href="javascript:Cookiebot.renew()">Marketing-Cookies akzeptieren</a>, um dieses Video zu laden.
    </div>
            <iframe data-cookieblock-src="https://www.youtube.com/embed/z3sCVsbC3-k?feature=oembed" data-cookieconsent="marketing" title="ZEISS ATOS ScanBox Serie 6 | REFERENZ: Coko (Kunststoff-Spritzguss)" width="500" height="281"  frameborder="0" allow="accelerometer; autoplay; clipboard-write; encrypted-media; gyroscope; picture-in-picture; web-share" referrerpolicy="strict-origin-when-cross-origin" allowfullscreen></iframe>
</div></figure>
</div>

<div class="wp-block-file"><a id="wp-block-file--media-2f01e94d-d555-4b29-ab2d-36a22d61959f" href="https://www.westcam-group.com/wp-content/uploads/2024/10/WESTCAM-3D-Metrology-Anwendungstechniker-mwd-CH.pdf">WESTCAM 3D-Metrology Application Engineer -mwd- CH</a><a href="https://www.westcam-group.com/wp-content/uploads/2024/10/WESTCAM-3D-Metrology-Anwendungstechniker-mwd-CH.pdf" class="wp-block-file__button wp-element-button" download="" aria-describedby="wp-block-file--media-2f01e94d-d555-4b29-ab2d-36a22d61959f">Stáhnout</a></div>

<h5 class="wp-block-heading">MOŽNÁ SE BRZY STANOU VAŠIMI NOVÝMI KOLEGY V OBLASTI METROLOGIE:</h5>

<figure class="wp-block-image size-large is-resized"><img loading="lazy" decoding="async" width="1024" height="683" src="https://www.westcam-group.com/wp-content/uploads/2024/04/westcam-metrology-care-2-1024x683.jpg" alt="" class="wp-image-27222" style="width:350px" srcset="https://www.westcam-group.com/wp-content/uploads/2024/04/westcam-metrology-care-2-1024x683.jpg 1024w, https://www.westcam-group.com/wp-content/uploads/2024/04/westcam-metrology-care-2-300x200.jpg 300w, https://www.westcam-group.com/wp-content/uploads/2024/04/westcam-metrology-care-2-768x512.jpg 768w, https://www.westcam-group.com/wp-content/uploads/2024/04/westcam-metrology-care-2-1536x1024.jpg 1536w, https://www.westcam-group.com/wp-content/uploads/2024/04/westcam-metrology-care-2-1350x900.jpg 1350w, https://www.westcam-group.com/wp-content/uploads/2024/04/westcam-metrology-care-2-900x600.jpg 900w, https://www.westcam-group.com/wp-content/uploads/2024/04/westcam-metrology-care-2.jpg 1890w" sizes="auto, (max-width: 1024px) 100vw, 1024px" /></figure>

<p class="has-small-font-size"><em>Michaela &amp; Boris &amp; Stephanie</em></p>

<p></p>

<p>Zajišťujete, aby &#8222;továrna běžela&#8220;: hardware měřicí techniky včetně softwaru. Zajímavé úkoly a pohodový tým v ceně. </p>
