{"id":40088,"date":"2024-10-31T08:16:27","date_gmt":"2024-10-31T07:16:27","guid":{"rendered":"https:\/\/www.westcam-group.com\/unternehmen\/karriere\/prodej-cam-cnc-m-f-d-jizni-rakousko\/"},"modified":"2025-10-24T08:15:03","modified_gmt":"2025-10-24T06:15:03","slug":"prodej-cam-cnc-m-f-d-jizni-rakousko","status":"publish","type":"job","link":"https:\/\/www.westcam-group.com\/cs\/unternehmen\/karriere\/prodej-cam-cnc-m-f-d-jizni-rakousko\/","title":{"rendered":"Prodej CAM\/CNC [m\/f\/d] &#8211; Ji\u017en\u00ed Rakousko"},"content":{"rendered":"\n<div class=\"wp-block-group has-global-padding is-layout-constrained wp-block-group-is-layout-constrained\" style=\"margin-top:var(--wp--preset--spacing--40);margin-bottom:var(--wp--preset--spacing--40)\">\n<div class=\"wp-block-webx-blocks-grid is-layout-grid wp-container-webx-blocks-grid-is-layout-478b6e6b wp-block-webx-blocks-grid-is-layout-grid\" style=\"--grid-columns-desktop:2;--grid-columns-tablet:2;--grid-columns-mobile:1\">\n<div class=\"wp-block-webx-blocks-grid-item has-base-2-background-color has-background is-layout-flow wp-block-webx-blocks-grid-item-is-layout-flow\" style=\"padding-top:0;padding-right:0;padding-bottom:0;padding-left:0;--grid-area-desktop:auto \/ auto \/ auto \/ auto;--grid-area-tablet:auto \/ auto \/ auto \/ auto;--grid-area-mobile:auto \/ auto \/ auto \/ auto\">\n<div class=\"wp-block-group has-base-background-color has-background is-layout-flow wp-block-group-is-layout-flow\">\n<h2 class=\"wp-block-heading\" style=\"padding-bottom:var(--wp--preset--spacing--20)\">Va\u0161e \u00daKOLY<\/h2>\n<\/div>\n\n\n\n<div class=\"wp-block-group has-base-2-background-color has-background is-layout-flow wp-block-group-is-layout-flow\" style=\"margin-top:0;margin-bottom:0;padding-top:var(--wp--preset--spacing--20);padding-right:var(--wp--preset--spacing--20);padding-bottom:var(--wp--preset--spacing--20);padding-left:var(--wp--preset--spacing--20)\">\n<ul class=\"wp-block-list is-style-checkmark-list\">\n<li>Z\u00edsk\u00e1v\u00e1n\u00ed nov\u00fdch z\u00e1kazn\u00edk\u016f, prodej a p\u00e9\u010de o z\u00e1kazn\u00edky v hlavn\u00ed prodejn\u00ed oblasti <strong><em>\u0160t\u00fdrsko, Korutany<\/em><\/strong><\/li>\n\n\n\n<li>Obchodn\u00ed a technick\u00fd v\u00fdvoj specifikac\u00ed a \u0159e\u0161en\u00ed na z\u00e1klad\u011b specifick\u00fdch po\u017eadavk\u016f z\u00e1kazn\u00edka.<\/li>\n\n\n\n<li>Veden\u00ed prodejn\u00edch rozhovor\u016f, prezentac\u00ed a konzultac\u00ed o produktech.<\/li>\n\n\n\n<li>Prvn\u00ed kontaktn\u00ed m\u00edsto pro potenci\u00e1ln\u00ed z\u00e1kazn\u00edky od po\u010d\u00e1te\u010dn\u00ed kvalifikace a\u017e po potenci\u00e1ln\u00ed anal\u00fdzu a zpracov\u00e1n\u00ed objedn\u00e1vky.<\/li>\n\n\n\n<li>V\u00fdvoj a podpora nov\u00fdch c\u00edlov\u00fdch trh\u016f<\/li>\n<\/ul>\n<\/div>\n<\/div>\n\n\n\n<div class=\"wp-block-webx-blocks-grid-item has-base-2-background-color has-background is-layout-flow wp-block-webx-blocks-grid-item-is-layout-flow\" style=\"padding-top:0;padding-right:0;padding-bottom:0;padding-left:0;--grid-area-desktop:auto \/ auto \/ auto \/ auto;--grid-area-tablet:auto \/ auto \/ auto \/ auto;--grid-area-mobile:auto \/ auto \/ auto \/ auto\">\n<div class=\"wp-block-group has-base-background-color has-background is-layout-flow wp-block-group-is-layout-flow\">\n<h2 class=\"wp-block-heading\" style=\"margin-bottom:0;padding-bottom:var(--wp--preset--spacing--20)\">V\u00e1\u0161 profil<\/h2>\n<\/div>\n\n\n\n<div class=\"wp-block-group has-base-2-background-color has-background is-layout-flow wp-block-group-is-layout-flow\" style=\"margin-top:0;margin-bottom:0;padding-top:var(--wp--preset--spacing--20);padding-right:var(--wp--preset--spacing--20);padding-bottom:var(--wp--preset--spacing--20);padding-left:var(--wp--preset--spacing--20)\">\n<ul class=\"wp-block-list is-style-checkmark-list\">\n<li>Obchodn\u00ed a technick\u00e9 znalosti<\/li>\n\n\n\n<li>ide\u00e1ln\u011b ukon\u010den\u00e9 technick\u00e9 vzd\u011bl\u00e1n\u00ed (vyu\u010den\u00ed, HTL)<\/li>\n\n\n\n<li>Orientace na z\u00e1kazn\u00edka, siln\u00e9 komunika\u010dn\u00ed dovednosti v oblasti prodeje<\/li>\n\n\n\n<li>Samostatn\u00fd zp\u016fsob pr\u00e1ce<br\/>(motivovan\u00fd, flexibiln\u00ed a schopn\u00fd pracovat pod tlakem).<\/li>\n\n\n\n<li>dialog orientovan\u00fd na z\u00e1v\u011bry a spolehlivost (sebev\u011bdom\u00e9 vystupov\u00e1n\u00ed)<\/li>\n\n\n\n<li>Ochota cestovat a pracovat<br\/>(nutn\u00fd \u0159idi\u010dsk\u00fd pr\u016fkaz B)Lorem<\/li>\n<\/ul>\n<\/div>\n<\/div>\n<\/div>\n<\/div>\n\n<div class=\"wp-block-group has-global-padding is-layout-constrained wp-block-group-is-layout-constrained\" style=\"margin-top:var(--wp--preset--spacing--40);margin-bottom:var(--wp--preset--spacing--40)\">\n<h2 class=\"wp-block-heading\">Na\u0161e nab\u00eddka<\/h2>\n\n\n\n<div class=\"wp-block-group has-base-2-background-color has-background is-layout-flow wp-block-group-is-layout-flow\" style=\"padding-top:var(--wp--preset--spacing--20);padding-right:var(--wp--preset--spacing--20);padding-bottom:var(--wp--preset--spacing--20);padding-left:var(--wp--preset--spacing--20)\">\n<ul class=\"wp-block-list is-style-checkmark-list\">\n<li>V\u00fdhodn\u00fd plat z\u00e1visl\u00fd na v\u00fdkonu s v\u00fdrazn\u00fdm p\u0159eplatkem podle kolektivn\u00ed smlouvy v z\u00e1vislosti na kvalifikaci a zku\u0161enostech.<\/li>\n\n\n\n<li>Slu\u017eebn\u00ed v\u016fz pro soukrom\u00e9 \u00fa\u010dely<\/li>\n\n\n\n<li>Zaj\u00edmav\u00e1 pr\u00e1ce v prost\u0159ed\u00ed inovativn\u00edch oblast\u00ed podnik\u00e1n\u00ed<\/li>\n\n\n\n<li>Nejmodern\u011bj\u0161\u00ed infrastruktura a mo\u017enost neust\u00e1l\u00e9ho vzd\u011bl\u00e1v\u00e1n\u00ed a rozvoje na vysok\u00e9 \u00farovni.<\/li>\n\n\n\n<li>P\u0159\u00edjemn\u00e9 pracovn\u00ed prost\u0159ed\u00ed s motivovan\u00fdm t\u00fdmem v rodinn\u00e9 atmosf\u00e9\u0159e.<\/li>\n\n\n\n<li>Kontinuita a bezpe\u010dnost skupiny spole\u010dnost\u00ed, kter\u00e1 se \u00fasp\u011b\u0161n\u011b rozv\u00edj\u00ed od roku 1990.<\/li>\n<\/ul>\n<\/div>\n<\/div>\n\n<div class=\"wp-block-group has-base-2-background-color has-background has-global-padding is-layout-constrained wp-container-core-group-is-layout-54b13cab wp-block-group-is-layout-constrained\" style=\"margin-top:var(--wp--preset--spacing--50);margin-bottom:var(--wp--preset--spacing--50);padding-top:var(--wp--preset--spacing--20);padding-right:0;padding-bottom:var(--wp--preset--spacing--20);padding-left:0\">\n<figure class=\"wp-block-embed is-type-video is-provider-youtube wp-block-embed-youtube wp-embed-aspect-16-9 wp-has-aspect-ratio\" style=\"margin-top:var(--wp--preset--spacing--20);margin-bottom:var(--wp--preset--spacing--20)\"><div class=\"wp-block-embed__wrapper\">\n<div class=\"cookieconsent-optout-marketing\">\n    Bitte  <a href=\"javascript:Cookiebot.renew()\">Marketing-Cookies akzeptieren<\/a>, um dieses Video zu laden.\n    <\/div>\n            <iframe data-cookieblock-src=\"https:\/\/www.youtube.com\/embed\/st4MqJZobCM?feature=oembed\" data-cookieconsent=\"marketing\" title=\"High-performance, complete CAM solution | NC programming | hyperMILL\" width=\"500\" height=\"281\"  frameborder=\"0\" allow=\"accelerometer; autoplay; clipboard-write; encrypted-media; gyroscope; picture-in-picture; web-share\" referrerpolicy=\"strict-origin-when-cross-origin\" allowfullscreen><\/iframe>\n<\/div><figcaption class=\"wp-element-caption\"><em>Tvo\u0159te budoucnost v\u00fdroby &#8211; s inovativn\u00edmi \u0159e\u0161en\u00edmi CAM a MES od spole\u010dnosti WESTCAM<\/em><\/figcaption><\/figure>\n<\/div>\n\n<div class=\"wp-block-file\"><a id=\"wp-block-file--media-28c05008-fbae-4110-81e0-972ae7286865\" href=\"https:\/\/www.westcam-group.com\/wp-content\/uploads\/2024\/10\/WESTCAM-CAM-Vertriebsmitarbeiter-mwd-AT-Steiermark-Kaernten.pdf\">Obchodn\u00ed z\u00e1stupce WESTCAM CAM -mwd- AT &#8211; JI\u017dN\u00cd RAKOUSKO<\/a><a href=\"https:\/\/www.westcam-group.com\/wp-content\/uploads\/2024\/10\/WESTCAM-CAM-Vertriebsmitarbeiter-mwd-AT-Steiermark-Kaernten.pdf\" class=\"wp-block-file__button wp-element-button\" download=\"\" aria-describedby=\"wp-block-file--media-28c05008-fbae-4110-81e0-972ae7286865\">St\u00e1hnout<\/a><\/div>\n\n<h5 class=\"wp-block-heading\">MO\u017dN\u00c1 SE Z NICH BRZY STANOU VA\u0160I NOV\u00cd KOLEGOV\u00c9 Z ODD\u011aLEN\u00cd PRODEJE KAMER:<\/h5>\n\n<figure class=\"wp-block-image size-full is-resized\"><img loading=\"lazy\" decoding=\"async\" width=\"300\" height=\"107\" src=\"https:\/\/www.westcam-group.com\/wp-content\/uploads\/2024\/10\/CAM-Team-2024-300x107-1.png\" alt=\"\" class=\"wp-image-28566\" style=\"width:400px\"\/><\/figure>\n\n<p class=\"has-small-font-size\"><em>Klaus &amp; Martin &amp; Samuel<\/em><\/p>\n\n<p><\/p>\n","protected":false},"excerpt":{"rendered":"<p>&#8222;Kde je pr\u00e1ce, tam jsou \u017eetony&#8220; &#8211; u n\u00e1s &#8222;kovov\u00e9 \u017eetony&#8220; :). Pod\u011blte se o svou v\u00e1\u0161e\u0148 pro CNC s na\u0161imi potenci\u00e1ln\u00edmi z\u00e1kazn\u00edky. <\/p>\n","protected":false},"featured_media":28550,"template":"","location":[2904],"employment_type":[25],"competence":[2780],"class_list":["post-40088","job","type-job","status-publish","has-post-thumbnail","hentry","location-jizni-rakousko-korutany-a-styrsko-at","employment_type-full-time","competence-cam-cs"],"_links":{"self":[{"href":"https:\/\/www.westcam-group.com\/cs\/wp-json\/wp\/v2\/job\/40088","targetHints":{"allow":["GET"]}}],"collection":[{"href":"https:\/\/www.westcam-group.com\/cs\/wp-json\/wp\/v2\/job"}],"about":[{"href":"https:\/\/www.westcam-group.com\/cs\/wp-json\/wp\/v2\/types\/job"}],"wp:featuredmedia":[{"embeddable":true,"href":"https:\/\/www.westcam-group.com\/cs\/wp-json\/wp\/v2\/media\/28550"}],"wp:attachment":[{"href":"https:\/\/www.westcam-group.com\/cs\/wp-json\/wp\/v2\/media?parent=40088"}],"wp:term":[{"taxonomy":"location","embeddable":true,"href":"https:\/\/www.westcam-group.com\/cs\/wp-json\/wp\/v2\/location?post=40088"},{"taxonomy":"employment_type","embeddable":true,"href":"https:\/\/www.westcam-group.com\/cs\/wp-json\/wp\/v2\/employment_type?post=40088"},{"taxonomy":"competence","embeddable":true,"href":"https:\/\/www.westcam-group.com\/cs\/wp-json\/wp\/v2\/competence?post=40088"}],"curies":[{"name":"wp","href":"https:\/\/api.w.org\/{rel}","templated":true}]}}

Prodej CAM/CNC [m/f/d] &#8211; Jižní Rakousko

<div class="wp-block-group has-global-padding is-layout-constrained wp-block-group-is-layout-constrained" style="margin-top:var(--wp--preset--spacing--40);margin-bottom:var(--wp--preset--spacing--40)">
<div class="wp-block-webx-blocks-grid is-layout-grid wp-container-webx-blocks-grid-is-layout-478b6e6b wp-block-webx-blocks-grid-is-layout-grid" style="--grid-columns-desktop:2;--grid-columns-tablet:2;--grid-columns-mobile:1">
<div class="wp-block-webx-blocks-grid-item has-base-2-background-color has-background is-layout-flow wp-block-webx-blocks-grid-item-is-layout-flow" style="padding-top:0;padding-right:0;padding-bottom:0;padding-left:0;--grid-area-desktop:auto / auto / auto / auto;--grid-area-tablet:auto / auto / auto / auto;--grid-area-mobile:auto / auto / auto / auto">
<div class="wp-block-group has-base-background-color has-background is-layout-flow wp-block-group-is-layout-flow">
<h2 class="wp-block-heading" style="padding-bottom:var(--wp--preset--spacing--20)">Vaše ÚKOLY</h2>
</div>



<div class="wp-block-group has-base-2-background-color has-background is-layout-flow wp-block-group-is-layout-flow" style="margin-top:0;margin-bottom:0;padding-top:var(--wp--preset--spacing--20);padding-right:var(--wp--preset--spacing--20);padding-bottom:var(--wp--preset--spacing--20);padding-left:var(--wp--preset--spacing--20)">
<ul class="wp-block-list is-style-checkmark-list">
<li>Získávání nových zákazníků, prodej a péče o zákazníky v hlavní prodejní oblasti <strong><em>Štýrsko, Korutany</em></strong></li>



<li>Obchodní a technický vývoj specifikací a řešení na základě specifických požadavků zákazníka.</li>



<li>Vedení prodejních rozhovorů, prezentací a konzultací o produktech.</li>



<li>První kontaktní místo pro potenciální zákazníky od počáteční kvalifikace až po potenciální analýzu a zpracování objednávky.</li>



<li>Vývoj a podpora nových cílových trhů</li>
</ul>
</div>
</div>



<div class="wp-block-webx-blocks-grid-item has-base-2-background-color has-background is-layout-flow wp-block-webx-blocks-grid-item-is-layout-flow" style="padding-top:0;padding-right:0;padding-bottom:0;padding-left:0;--grid-area-desktop:auto / auto / auto / auto;--grid-area-tablet:auto / auto / auto / auto;--grid-area-mobile:auto / auto / auto / auto">
<div class="wp-block-group has-base-background-color has-background is-layout-flow wp-block-group-is-layout-flow">
<h2 class="wp-block-heading" style="margin-bottom:0;padding-bottom:var(--wp--preset--spacing--20)">Váš profil</h2>
</div>



<div class="wp-block-group has-base-2-background-color has-background is-layout-flow wp-block-group-is-layout-flow" style="margin-top:0;margin-bottom:0;padding-top:var(--wp--preset--spacing--20);padding-right:var(--wp--preset--spacing--20);padding-bottom:var(--wp--preset--spacing--20);padding-left:var(--wp--preset--spacing--20)">
<ul class="wp-block-list is-style-checkmark-list">
<li>Obchodní a technické znalosti</li>



<li>ideálně ukončené technické vzdělání (vyučení, HTL)</li>



<li>Orientace na zákazníka, silné komunikační dovednosti v oblasti prodeje</li>



<li>Samostatný způsob práce<br/>(motivovaný, flexibilní a schopný pracovat pod tlakem).</li>



<li>dialog orientovaný na závěry a spolehlivost (sebevědomé vystupování)</li>



<li>Ochota cestovat a pracovat<br/>(nutný řidičský průkaz B)Lorem</li>
</ul>
</div>
</div>
</div>
</div>

<div class="wp-block-group has-global-padding is-layout-constrained wp-block-group-is-layout-constrained" style="margin-top:var(--wp--preset--spacing--40);margin-bottom:var(--wp--preset--spacing--40)">
<h2 class="wp-block-heading">Naše nabídka</h2>



<div class="wp-block-group has-base-2-background-color has-background is-layout-flow wp-block-group-is-layout-flow" style="padding-top:var(--wp--preset--spacing--20);padding-right:var(--wp--preset--spacing--20);padding-bottom:var(--wp--preset--spacing--20);padding-left:var(--wp--preset--spacing--20)">
<ul class="wp-block-list is-style-checkmark-list">
<li>Výhodný plat závislý na výkonu s výrazným přeplatkem podle kolektivní smlouvy v závislosti na kvalifikaci a zkušenostech.</li>



<li>Služební vůz pro soukromé účely</li>



<li>Zajímavá práce v prostředí inovativních oblastí podnikání</li>



<li>Nejmodernější infrastruktura a možnost neustálého vzdělávání a rozvoje na vysoké úrovni.</li>



<li>Příjemné pracovní prostředí s motivovaným týmem v rodinné atmosféře.</li>



<li>Kontinuita a bezpečnost skupiny společností, která se úspěšně rozvíjí od roku 1990.</li>
</ul>
</div>
</div>

<div class="wp-block-group has-base-2-background-color has-background has-global-padding is-layout-constrained wp-container-core-group-is-layout-54b13cab wp-block-group-is-layout-constrained" style="margin-top:var(--wp--preset--spacing--50);margin-bottom:var(--wp--preset--spacing--50);padding-top:var(--wp--preset--spacing--20);padding-right:0;padding-bottom:var(--wp--preset--spacing--20);padding-left:0">
<figure class="wp-block-embed is-type-video is-provider-youtube wp-block-embed-youtube wp-embed-aspect-16-9 wp-has-aspect-ratio" style="margin-top:var(--wp--preset--spacing--20);margin-bottom:var(--wp--preset--spacing--20)"><div class="wp-block-embed__wrapper">
<div class="cookieconsent-optout-marketing">
    Bitte  <a href="javascript:Cookiebot.renew()">Marketing-Cookies akzeptieren</a>, um dieses Video zu laden.
    </div>
            <iframe data-cookieblock-src="https://www.youtube.com/embed/st4MqJZobCM?feature=oembed" data-cookieconsent="marketing" title="High-performance, complete CAM solution | NC programming | hyperMILL" width="500" height="281"  frameborder="0" allow="accelerometer; autoplay; clipboard-write; encrypted-media; gyroscope; picture-in-picture; web-share" referrerpolicy="strict-origin-when-cross-origin" allowfullscreen></iframe>
</div><figcaption class="wp-element-caption"><em>Tvořte budoucnost výroby &#8211; s inovativními řešeními CAM a MES od společnosti WESTCAM</em></figcaption></figure>
</div>

<div class="wp-block-file"><a id="wp-block-file--media-28c05008-fbae-4110-81e0-972ae7286865" href="https://www.westcam-group.com/wp-content/uploads/2024/10/WESTCAM-CAM-Vertriebsmitarbeiter-mwd-AT-Steiermark-Kaernten.pdf">Obchodní zástupce WESTCAM CAM -mwd- AT &#8211; JIŽNÍ RAKOUSKO</a><a href="https://www.westcam-group.com/wp-content/uploads/2024/10/WESTCAM-CAM-Vertriebsmitarbeiter-mwd-AT-Steiermark-Kaernten.pdf" class="wp-block-file__button wp-element-button" download="" aria-describedby="wp-block-file--media-28c05008-fbae-4110-81e0-972ae7286865">Stáhnout</a></div>

<h5 class="wp-block-heading">MOŽNÁ SE Z NICH BRZY STANOU VAŠI NOVÍ KOLEGOVÉ Z ODDĚLENÍ PRODEJE KAMER:</h5>

<figure class="wp-block-image size-full is-resized"><img loading="lazy" decoding="async" width="300" height="107" src="https://www.westcam-group.com/wp-content/uploads/2024/10/CAM-Team-2024-300x107-1.png" alt="" class="wp-image-28566" style="width:400px"/></figure>

<p class="has-small-font-size"><em>Klaus &amp; Martin &amp; Samuel</em></p>

<p></p>

<p>&#8222;Kde je práce, tam jsou žetony&#8220; &#8211; u nás &#8222;kovové žetony&#8220; :). Podělte se o svou vášeň pro CNC s našimi potenciálními zákazníky. </p>
